221911?
2
What is the units digit of 13124064?
4
What is the units digit of 3105007?
7
What is the hundred thousands digit of 1319409?
3
What is the hundreds digit of 15211668?
6
What is the hundred thousands digit of 1851301?
8
What is the hundred thousands digit of 4511053?
5
What is the hundreds digit of 1340123?
1
What is the units digit of 521665?
5
What is the tens digit of 2285901?
0
What is the tens digit of 670035?
3
What is the thousands digit of 416802?
6
What is the units digit of 16886752?
2
What is the millions digit of 1532287?
1
What is the hundred thousands digit of 293400?
2
What is the hundreds digit of 486763?
7
What is the thousands digit of 36618597?
8
What is the tens digit of 861330?
3
What is the hundreds digit of 3061315?
3
What is the tens digit of 2922774?
7
What is the units digit of 557546?
6
What is the units digit of 2665609?
9
What is the thousands digit of 45185?
5
What is the ten thousands digit of 4023022?
2
What is the units digit of 619715?
5
What is the thousands digit of 18830?
8
What is the millions digit of 15773319?
5
What is the thousands digit of 43326?
3
What is the tens digit of 14680304?
0
What is the thousands digit of 896786?
6
What is the ten thousands digit of 7482017?
8
What is the hundreds digit of 25616106?
1
What is the hundreds digit of 104925?
9
What is the hundreds digit of 123539?
5
What is the units digit of 48201?
1
What is the ten thousands digit of 1802364?
0
What is the thousands digit of 8733147?
3
What is the units digit of 55633?
3
What is the units digit of 189609?
9
What is the tens digit of 2629817?
1
What is the units digit of 613377?
7
What is the thousands digit of 794730?
4
What is the units digit of 7511172?
2
What is the units digit of 4018918?
8
What is the units digit of 4144225?
5
What is the units digit of 409869?
9
What is the thousands digit of 510046?
0
What is the tens digit of 260827?
2
What is the units digit of 7027?
7
What is the hundred thousands digit of 19995151?
9
What is the tens digit of 284174?
7
What is the units digit of 690?
0
What is the ten thousands digit of 690256?
9
What is the hundreds digit of 904630?
6
What is the hundred thousands digit of 112857?
1
What is the ten thousands digit of 208777?
0
What is the tens digit of 179348?
4
What is the tens digit of 6443950?
5
What is the tens digit of 587907?
0
What is the hundreds digit of 105706?
7
What is the units digit of 2983973?
3
What is the tens digit of 569842?
4
What is the hundred thousands digit of 130130?
1
What is the ten thousands digit of 4245578?
4
What is the hundreds digit of 342488?
4
What is the units digit of 26433598?
8
What is the hundred thousands digit of 2044342?
0
What is the thousands digit of 2676171?
6
What is the hundred thousands digit of 4466647?
4
What is the hundreds digit of 264169?
1
What is the units digit of 6121583?
3
What is the ten thousands digit of 24620702?
2
What is the hundred thousands digit of 228898?
2
What is the hundred thousands digit of 143939?
1
What is the hundreds digit of 902305?
3
What is the hundreds digit of 1283710?
7
What is the units digit of 776353?
3
What is the tens digit of 354799?
9
What is the hundred thousands digit of 1035718?
0
What is the ten thousands digit of 902847?
0
What is the ten thousands digit of 41175?
4
What is the ten millions digit of 12381972?
1
What is the hundred thousands digit of 874639?
8
What is the ten thousands digit of 9400817?
0
What is the ten thousands digit of 227179?
2
What is the tens digit of 15026750?
5
What is the hundreds digit of 237404?
4
What is the hundreds digit of 7172952?
9
What is the tens digit of 7002295?
9
What is the thousands digit of 6224?
6
What is the hundred thousands digit of 188512?
1
What is the thousands digit of 11921833?
1
What is the hundred thousands digit of 3332749?
3
What is the ten thousands digit of 27606792?
0
What is the ten thousands digit of 19580407?
8
What is the units digit of 5064377?
7
What is the hundreds digit of 13752726?
7
What is the ten millions digit of 15565186?
1
What is the units digit of 8211171?
1
What is the units digit of 960018?
8
What is the hundreds digit of 251979?
9
What is the hundred thousands digit of 34193056?
1
What is the thousands digit of 13867452?
7
What is the ten thousands digit of 2184955?
8
What is the tens digit of 906004?
0
What is the ten thousands digit of 163029?
6
What is the tens digit of 850968?
6
What is the ten millions digit of 35887584?
3
What is the units digit of 94021?
1
What is the ten thousands digit of 5590730?
9
What is the hundreds digit of 705140?
1
What is the hundreds digit of 2051026?
0
What is the ten millions digit of 10725382?
1
What is the tens digit of 9245672?
7
What is the tens digit of 1519260?
6
What is the hundred thousands digit of 980998?
9
What is the units digit of 236456?
6
What is the ten thousands digit of 443669?
4
What is the ten thousands digit of 281550?
8
What is the units digit of 197379?
9
What is the ten thousands digit of 147438?
4
What is the hundred thousands digit of 9619381?
6
What is the hundreds digit of 7106793?
7
What is the hundred thousands digit of 329447?
3
What is the ten thousands digit of 11578534?
7
What is the hundreds digit of 92738?
7
What is the tens digit of 856354?
5
What is the hundred thousands digit of 12447663?
4
What is the ten thousands digit of 55493?
5
What is the tens digit of 667839?
3
What is the millions digit of 3765228?
3
What is the hundreds digit of 21464?
4
What is the thousands digit of 590640?
0
What is the hundreds digit of 4824626?
6
What is the thousands digit of 493011?
3
What is the millions digit of 7552401?
7
What is the ten thousands digit of 872562?
7
What is the hundred thousands digit of 22119048?
1
What is the units digit of 6885940?
0
What is the millions digit of 1072610?
1
What is the ten thousands digit of 269611?
6
What is the tens digit of 2377259?
5
What is the units digit of 41667?
7
What is the hundred thousands digit of 241187?
2
What is the thousands digit of 136013?
6
What is the ten thousands digit of 117636?
1
What is the units digit of 239354?
4
What is the ten thousands digit of 941696?
4
What is the hundred thousands digit of 478562?
4
What is the thousands digit of 841567?
1
What is the thousands digit of 644272?
4
What is the hundreds digit of 59712?
7
What is the hundreds digit of 449111?
1
What is the units digit of 363175?
5
What is the ten thousands digit of 655317?
5
What is the hundred thousands digit of 15991046?
9
What is the ten thousands digit of 479518?
7
What is the tens digit of 2953839?
3
What is the hundreds digit of 1023088?
0
What is the ten thousands digit of 622504?
2
What is the hundreds digit of 197343?
3
What is the millions digit of 2153577?
2
What is the hundred thousands digit of 1042392?
0
What is the units digit of 303523?
3
What is the ten thousands digit of 786932?
8
What is the ten thousands digit of 96378?
9
What is the ten millions digit of 24083824?
2
What is the tens digit of 431953?
5
What is the thousands digit of 4530885?
0
What is the tens digit of 290577?
7
What is the thousands digit of 47764?
7
What is the units digit of 476566?
6
What is the hundred thousands digit of 124733?
1
What is the hundreds digit of 836794?
7
What is the ten thousands digit of 281019?
8
What is the ten thousands digit of 1297516?
9
What is the ten thousands digit of 33301?
3
What is the units digit of 1683074?
4
What is the millions digit of 3909656?
3
What is the thousands digit of 1189253?
9
What is the tens digit of 13577254?
5
What is the thousands digit of 1367287?
7
What is the units digit of 2303477?
7
What is the hundreds digit of 136639?
6
What is the hundred thousands digit of 393465?
3
What is the hundred thousands digit of 2569923?
5
What is the units digit of 94239?
9
What is the millions digit of 9386226?
9
What is the ten thousands digit of 10120545?
2
What is the hundred thousands digit of 142361?
1
What is the thousands digit of 97879?
7
What is the tens digit of 724434?
3
What is the units digit of 11260151?
1
What is the hundred thousands digit of 161628?
1
What is the ten thousands digit of 135058?
3
What is the units digit of 493751?
1
What is the units digit o